{"id":699,"date":"2025-11-25T17:40:12","date_gmt":"2025-11-25T17:40:12","guid":{"rendered":"https:\/\/salmon-ferret-788238.hostingersite.com\/?page_id=699"},"modified":"2025-11-28T22:44:56","modified_gmt":"2025-11-28T22:44:56","slug":"politicacookies","status":"publish","type":"page","link":"https:\/\/www.arquivosdoc.com.br\/home\/politicacookies\/","title":{"rendered":"Politicacookies"},"content":{"rendered":"\t\t<div data-elementor-type=\"wp-page\" data-elementor-id=\"699\" class=\"elementor elementor-699\" data-elementor-post-type=\"page\">\n\t\t\t\t<div class=\"elementor-element elementor-element-3580948 e-flex e-con-boxed e-con e-parent\" data-id=\"3580948\" data-element_type=\"container\">\n\t\t\t\t\t<div class=\"e-con-inner\">\n\t\t\t\t<div class=\"elementor-element elementor-element-d6ebded elementor-widget elementor-widget-heading\" data-id=\"d6ebded\" data-element_type=\"widget\" data-widget_type=\"heading.default\">\n\t\t\t\t\t<h2 class=\"elementor-heading-title elementor-size-default\">O que s\u00e3o cookies?<\/h2>\t\t\t\t<\/div>\n\t\t\t\t\t<\/div>\n\t\t\t\t<\/div>\n\t\t<div class=\"elementor-element elementor-element-a884c90 e-flex e-con-boxed e-con e-parent\" data-id=\"a884c90\" data-element_type=\"container\">\n\t\t\t\t\t<div class=\"e-con-inner\">\n\t\t\t\t<div class=\"elementor-element elementor-element-da5f0ff elementor-widget elementor-widget-heading\" data-id=\"da5f0ff\" data-element_type=\"widget\" data-widget_type=\"heading.default\">\n\t\t\t\t\t<h2 class=\"elementor-heading-title elementor-size-default\">Os cookies s\u00e3o pequenos arquivos de texto localizados em pastas do seu navegador que s\u00e3o gerados quando voc\u00ea acessa algum site. Toda vez que voc\u00ea retorna ao site, o navegador recupera e envia o arquivo de texto para o servidor do site apresentando configura\u00e7\u00f5es personalizadas anteriormente.<\/h2>\t\t\t\t<\/div>\n\t\t\t\t\t<\/div>\n\t\t\t\t<\/div>\n\t\t<div class=\"elementor-element elementor-element-ea93358 e-flex e-con-boxed e-con e-parent\" data-id=\"ea93358\" data-element_type=\"container\">\n\t\t\t\t\t<div class=\"e-con-inner\">\n\t\t\t\t<div class=\"elementor-element elementor-element-2262041 elementor-widget elementor-widget-heading\" data-id=\"2262041\" data-element_type=\"widget\" data-widget_type=\"heading.default\">\n\t\t\t\t\t<h2 class=\"elementor-heading-title elementor-size-default\">Classifica\u00e7\u00e3o dos cookies, os mais comuns.<\/h2>\t\t\t\t<\/div>\n\t\t\t\t\t<\/div>\n\t\t\t\t<\/div>\n\t\t<div class=\"elementor-element elementor-element-ee6d8bd e-flex e-con-boxed e-con e-parent\" data-id=\"ee6d8bd\" data-element_type=\"container\">\n\t\t\t\t\t<div class=\"e-con-inner\">\n\t\t\t\t<div class=\"elementor-element elementor-element-6b19ae9 elementor-widget elementor-widget-heading\" data-id=\"6b19ae9\" data-element_type=\"widget\" data-widget_type=\"heading.default\">\n\t\t\t\t\t<h2 class=\"elementor-heading-title elementor-size-default\">COOKIES NECESS\u00c1RIOS ou OBRIGAT\u00d3RIOS: Ajudam o site desenvolver suas fun\u00e7\u00f5es b\u00e1sicas, como por exemplo a navega\u00e7\u00e3o e o acesso a ela, sem estes cookies podem ocorrer o n\u00e3o funcionamento correto do site.<\/h2>\t\t\t\t<\/div>\n\t\t\t\t\t<\/div>\n\t\t\t\t<\/div>\n\t\t<div class=\"elementor-element elementor-element-d4b0ebb e-flex e-con-boxed e-con e-parent\" data-id=\"d4b0ebb\" data-element_type=\"container\">\n\t\t\t\t\t<div class=\"e-con-inner\">\n\t\t\t\t<div class=\"elementor-element elementor-element-e155ff8 elementor-widget elementor-widget-heading\" data-id=\"e155ff8\" data-element_type=\"widget\" data-widget_type=\"heading.default\">\n\t\t\t\t\t<h2 class=\"elementor-heading-title elementor-size-default\">COOKIES DE DESEMPENHOS ou FUNCIONALIDADES: S\u00e3o respons\u00e1veis por coletar informa\u00e7\u00f5es sobre como o site \u00e9 utilizado pelo usu\u00e1rio, fazendo com que o usu\u00e1rio n\u00e3o precise defini-las novamente.<\/h2>\t\t\t\t<\/div>\n\t\t\t\t\t<\/div>\n\t\t\t\t<\/div>\n\t\t<div class=\"elementor-element elementor-element-9838e8c e-flex e-con-boxed e-con e-parent\" data-id=\"9838e8c\" data-element_type=\"container\">\n\t\t\t\t\t<div class=\"e-con-inner\">\n\t\t\t\t<div class=\"elementor-element elementor-element-82dfeaa elementor-widget elementor-widget-heading\" data-id=\"82dfeaa\" data-element_type=\"widget\" data-widget_type=\"heading.default\">\n\t\t\t\t\t<h2 class=\"elementor-heading-title elementor-size-default\">COOKIES ANAL\u00cdTICOS ou ESTAT\u00cdTICOS: possibilitam a coleta e an\u00e1lise de dados\nestat\u00edsticos, ajudando os propriet\u00e1rios de sites entenderem como usu\u00e1rios interagem no site, atrav\u00e9s de coleta dados e divulga\u00e7\u00e3o de informa\u00e7\u00f5es an\u00f4nimas.<\/h2>\t\t\t\t<\/div>\n\t\t\t\t\t<\/div>\n\t\t\t\t<\/div>\n\t\t<div class=\"elementor-element elementor-element-4226a2d e-flex e-con-boxed e-con e-parent\" data-id=\"4226a2d\" data-element_type=\"container\">\n\t\t\t\t\t<div class=\"e-con-inner\">\n\t\t\t\t<div class=\"elementor-element elementor-element-d742cda elementor-widget elementor-widget-heading\" data-id=\"d742cda\" data-element_type=\"widget\" data-widget_type=\"heading.default\">\n\t\t\t\t\t<h2 class=\"elementor-heading-title elementor-size-default\">COOKIES DE PREFER\u00caNCIA ou FUNCIONALIDADE: permitem a memoriza\u00e7\u00e3o de prefer\u00eancias do usu\u00e1rio na utiliza\u00e7\u00e3o do site, para que posteriormente n\u00e3o seja\nnecess\u00e1rio definir novamente tais prefer\u00eancias, como \u00e9 o caso da escolha de um idioma ou de uma regi\u00e3o.<\/h2>\t\t\t\t<\/div>\n\t\t\t\t\t<\/div>\n\t\t\t\t<\/div>\n\t\t<div class=\"elementor-element elementor-element-04062c9 e-flex e-con-boxed e-con e-parent\" data-id=\"04062c9\" data-element_type=\"container\">\n\t\t\t\t\t<div class=\"e-con-inner\">\n\t\t\t\t<div class=\"elementor-element elementor-element-7b08ba9 elementor-widget elementor-widget-heading\" data-id=\"7b08ba9\" data-element_type=\"widget\" data-widget_type=\"heading.default\">\n\t\t\t\t\t<h2 class=\"elementor-heading-title elementor-size-default\">COOKIES DE PUBLICIDADE ou MARKETING: s\u00e3o utilizados para coletar informa\u00e7\u00f5es e seguir visitantes com propagandas, an\u00fancios e publica\u00e7\u00f5es personalizadas futuras do site acessado ou de seus parceiros.<\/h2>\t\t\t\t<\/div>\n\t\t\t\t\t<\/div>\n\t\t\t\t<\/div>\n\t\t<div class=\"elementor-element elementor-element-aaf3730 e-flex e-con-boxed e-con e-parent\" data-id=\"aaf3730\" data-element_type=\"container\">\n\t\t\t\t\t<div class=\"e-con-inner\">\n\t\t\t\t<div class=\"elementor-element elementor-element-6d5f4d6 elementor-widget elementor-widget-heading\" data-id=\"6d5f4d6\" data-element_type=\"widget\" data-widget_type=\"heading.default\">\n\t\t\t\t\t<h2 class=\"elementor-heading-title elementor-size-default\">Quais cookies utilizamos?<\/h2>\t\t\t\t<\/div>\n\t\t\t\t\t<\/div>\n\t\t\t\t<\/div>\n\t\t<div class=\"elementor-element elementor-element-f0ae9c2 e-flex e-con-boxed e-con e-parent\" data-id=\"f0ae9c2\" data-element_type=\"container\">\n\t\t\t\t\t<div class=\"e-con-inner\">\n\t\t\t\t<div class=\"elementor-element elementor-element-ff467a7 elementor-widget elementor-widget-heading\" data-id=\"ff467a7\" data-element_type=\"widget\" data-widget_type=\"heading.default\">\n\t\t\t\t\t<h2 class=\"elementor-heading-title elementor-size-default\">Utilizamos apenas o cookie necess\u00e1rio ou obrigat\u00f3rio, para que o usu\u00e1rio tem garantia\nde um bom funcionamento do site.<\/h2>\t\t\t\t<\/div>\n\t\t\t\t\t<\/div>\n\t\t\t\t<\/div>\n\t\t<div class=\"elementor-element elementor-element-5ee7e9e e-flex e-con-boxed e-con e-parent\" data-id=\"5ee7e9e\" data-element_type=\"container\">\n\t\t\t\t\t<div class=\"e-con-inner\">\n\t\t\t\t<div class=\"elementor-element elementor-element-400dd0f elementor-widget elementor-widget-heading\" data-id=\"400dd0f\" data-element_type=\"widget\" data-widget_type=\"heading.default\">\n\t\t\t\t\t<h2 class=\"elementor-heading-title elementor-size-default\">Posso Desativ\u00e1-los:<\/h2>\t\t\t\t<\/div>\n\t\t\t\t\t<\/div>\n\t\t\t\t<\/div>\n\t\t<div class=\"elementor-element elementor-element-7016655 e-flex e-con-boxed e-con e-parent\" data-id=\"7016655\" data-element_type=\"container\">\n\t\t\t\t\t<div class=\"e-con-inner\">\n\t\t\t\t<div class=\"elementor-element elementor-element-949eb18 elementor-widget elementor-widget-heading\" data-id=\"949eb18\" data-element_type=\"widget\" data-widget_type=\"heading.default\">\n\t\t\t\t\t<h2 class=\"elementor-heading-title elementor-size-default\">Voc\u00ea deve consultar as instru\u00e7\u00f5es do seu navegador para saber como modificar as configura\u00e7\u00f5es, pois boa parte dos navegadores j\u00e1 possuem o aceite de cookies de forma autom\u00e1tica, sendo assim voc\u00ea deve alterar tais configura\u00e7\u00f5es para haja o alerta de envio destes cookies.<\/h2>\t\t\t\t<\/div>\n\t\t\t\t\t<\/div>\n\t\t\t\t<\/div>\n\t\t<div class=\"elementor-element elementor-element-06e37fd e-flex e-con-boxed e-con e-parent\" data-id=\"06e37fd\" data-element_type=\"container\">\n\t\t\t\t\t<div class=\"e-con-inner\">\n\t\t\t\t<div class=\"elementor-element elementor-element-b06b3de elementor-widget elementor-widget-heading\" data-id=\"b06b3de\" data-element_type=\"widget\" data-widget_type=\"heading.default\">\n\t\t\t\t\t<h2 class=\"elementor-heading-title elementor-size-default\">O que acontece se desativar os cookies?<\/h2>\t\t\t\t<\/div>\n\t\t\t\t\t<\/div>\n\t\t\t\t<\/div>\n\t\t<div class=\"elementor-element elementor-element-fae9769 e-flex e-con-boxed e-con e-parent\" data-id=\"fae9769\" data-element_type=\"container\">\n\t\t\t\t\t<div class=\"e-con-inner\">\n\t\t\t\t<div class=\"elementor-element elementor-element-1a04bc8 elementor-widget elementor-widget-heading\" data-id=\"1a04bc8\" data-element_type=\"widget\" data-widget_type=\"heading.default\">\n\t\t\t\t\t<h2 class=\"elementor-heading-title elementor-size-default\">Com a desativa\u00e7\u00e3o dos cookies necess\u00e1rios ou obrigat\u00f3rios algumas funcionalidades do site podem n\u00e3o funcionar de forma correta.<\/h2>\t\t\t\t<\/div>\n\t\t\t\t\t<\/div>\n\t\t\t\t<\/div>\n\t\t<div class=\"elementor-element elementor-element-06061d4 e-flex e-con-boxed e-con e-parent\" data-id=\"06061d4\" data-element_type=\"container\">\n\t\t\t\t\t<div class=\"e-con-inner\">\n\t\t\t\t<div class=\"elementor-element elementor-element-592fec7 elementor-widget elementor-widget-heading\" data-id=\"592fec7\" data-element_type=\"widget\" data-widget_type=\"heading.default\">\n\t\t\t\t\t<h2 class=\"elementor-heading-title elementor-size-default\">D\u00favidas:<\/h2>\t\t\t\t<\/div>\n\t\t\t\t\t<\/div>\n\t\t\t\t<\/div>\n\t\t<div class=\"elementor-element elementor-element-42eaf9d e-flex e-con-boxed e-con e-parent\" data-id=\"42eaf9d\" data-element_type=\"container\">\n\t\t\t\t\t<div class=\"e-con-inner\">\n\t\t\t\t<div class=\"elementor-element elementor-element-8bc7456 elementor-widget elementor-widget-heading\" data-id=\"8bc7456\" data-element_type=\"widget\" data-widget_type=\"heading.default\">\n\t\t\t\t\t<h2 class=\"elementor-heading-title elementor-size-default\">Em caso de d\u00favidas a respeito da pol\u00edtica de cookies, voc\u00ea pode contatar-nos atrav\u00e9s do e-mail da nossa DPO\/Encarregada de Dados: arquivos.org.doc@gmail.com.<\/h2>\t\t\t\t<\/div>\n\t\t\t\t\t<\/div>\n\t\t\t\t<\/div>\n\t\t<div class=\"elementor-element elementor-element-5094e2a e-flex e-con-boxed e-con e-parent\" data-id=\"5094e2a\" data-element_type=\"container\">\n\t\t\t\t\t<div class=\"e-con-inner\">\n\t\t\t\t<div class=\"elementor-element elementor-element-3169e6f elementor-widget elementor-widget-heading\" data-id=\"3169e6f\" data-element_type=\"widget\" data-widget_type=\"heading.default\">\n\t\t\t\t\t<h2 class=\"elementor-heading-title elementor-size-default\">Para mais informa\u00e7\u00f5es sobre como coletamos, usamos e compartilhamos suas informa\u00e7\u00f5es pessoais, consulte nossa Aviso de Privacidade Resumido ou Aviso de Privacidade Completo.<\/h2>\t\t\t\t<\/div>\n\t\t\t\t\t<\/div>\n\t\t\t\t<\/div>\n\t\t\t\t<\/div>\n\t\t","protected":false},"excerpt":{"rendered":"<p>O que s\u00e3o cookies? Os cookies s\u00e3o pequenos arquivos de texto localizados em pastas do seu navegador que s\u00e3o gerados quando voc\u00ea acessa algum site. Toda vez que voc\u00ea retorna ao site, o navegador recupera e envia o arquivo de texto para o servidor do site apresentando configura\u00e7\u00f5es personalizadas anteriormente. Classifica\u00e7\u00e3o dos cookies, os mais [&hellip;]<\/p>\n","protected":false},"author":1,"featured_media":0,"parent":0,"menu_order":0,"comment_status":"closed","ping_status":"closed","template":"","meta":{"footnotes":""},"class_list":["post-699","page","type-page","status-publish","hentry"],"_links":{"self":[{"href":"https:\/\/www.arquivosdoc.com.br\/home\/wp-json\/wp\/v2\/pages\/699","targetHints":{"allow":["GET"]}}],"collection":[{"href":"https:\/\/www.arquivosdoc.com.br\/home\/wp-json\/wp\/v2\/pages"}],"about":[{"href":"https:\/\/www.arquivosdoc.com.br\/home\/wp-json\/wp\/v2\/types\/page"}],"author":[{"embeddable":true,"href":"https:\/\/www.arquivosdoc.com.br\/home\/wp-json\/wp\/v2\/users\/1"}],"replies":[{"embeddable":true,"href":"https:\/\/www.arquivosdoc.com.br\/home\/wp-json\/wp\/v2\/comments?post=699"}],"version-history":[{"count":7,"href":"https:\/\/www.arquivosdoc.com.br\/home\/wp-json\/wp\/v2\/pages\/699\/revisions"}],"predecessor-version":[{"id":989,"href":"https:\/\/www.arquivosdoc.com.br\/home\/wp-json\/wp\/v2\/pages\/699\/revisions\/989"}],"wp:attachment":[{"href":"https:\/\/www.arquivosdoc.com.br\/home\/wp-json\/wp\/v2\/media?parent=699"}],"curies":[{"name":"wp","href":"https:\/\/api.w.org\/{rel}","templated":true}]}}